d by s.
6
Suppose 0 = -8*t + 188 + 60. What is the remainder when 133 is divided by t?
9
Suppose 0 = -4*c - 15*c + 494. What is the remainder when 44 is divided by c?
18
Suppose -44*k = -365 - 823. Calculate the remainder when 457 is divided by k.
25
Suppose -5*j - 2*h - 759 + 1814 = 0, 837 = 4*j + 3*h. Let i = j - 127. What is the remainder when i is divided by 46?
40
Let o(m) = m**2 + m. Let x(u) = -u**3 + 22*u**2 - 11*u - 18. Let f(b) = 6*o(b) - x(b). Calculate the remainder when f(15) is divided by 17.
14
Suppose u = 12 + 21. Suppose 3*m + 0*g - 479 = 2*g, -4*m - 3*g + 667 = 0. Calculate the remainder when m is divided by u.
31
Suppose -7 = f + 4*s, -2*f = 3*s - 13 + 12. What is the remainder when 15 is divided by f?
0
Calculate the remainder when 571 is divided by 4*(-21)/48*-4.
4
Suppose 52*r = 2*r + 8950. What is the remainder when r is divided by 47?
38
Let z(p) = -4*p + 1. Suppose -3 = h - 18. What is the remainder when z(-7) is divided by h?
14
Let y be 1 + -1 + -3 + 5/1. Suppose 0 = -8*p - y*p + 110. What is the remainder when 54 is divided by p?
10
Let n = 165 + -133. What is the remainder when 45 is divided by n?
13
Let i = 12 + -10. Suppose 4 = -0*c - c, -11 = -3*o + i*c. Let m = 12 + -10. What is the remainder when m is divided by o?
0
Let f(v) = v**2 + 2*v + 6. Suppose -7*q = 17 + 32. What is the remainder when f(q) is divided by 12?
5
Let o(t) = -t**2 + 6*t + 9. Suppose 0 = -5*j + 2*c + 39 - 14, 5*c - 25 = 0. Let h(g) = -g**2 + 3. Calculate the remainder when h(0) is divided by o(j).
1
Suppose -4*q - 15 + 103 = 0. Let a = 49 - -15. Calculate the remainder when a is divided by q.
20
Suppose 0 = 5*a - 2*a. Suppose f + a = 2. Suppose -5*k = 2*h - 112 - 151, -f*h + 59 = k. What is the remainder when k is divided by 13?
12
Let h(f) = f**2 + 22*f + 106. Calculate the remainder when 277 is divided by h(-16).
7
Let b(o) = -o**2 + 14*o + 26. What is the remainder when b(12) is divided by 20?
10
Suppose -16 = -3*p + 11. What is the remainder when (78/8)/((-152)/(-32) + -4) is divided by p?
4
Suppose -13*q + 5891 = 30*q. Calculate the remainder when q is divided by 28.
25
Suppose -2*d + x = -28, 3*d + 0*d + 2*x - 28 = 0. Suppose -a + 0*a = 2. Calculate the remainder when d is divided by a/2 - (-36)/6.
2
Let o(s) = s**2 + 4. Let u be -2 - (1 + -3*1). Suppose -20*i - 67 = -367. Calculate the remainder when i is divided by o(u).
3
Suppose 0 = -0*t - 5*t + 60. Suppose 0 = 3*j + t - 66. Let a(v) = v**3 + 9*v**2 + 8*v + 9. Calculate the remainder when a(-7) is divided by j.
15
Suppose -5*n + 185 = m - 0*m, -3*n - 2*m + 111 = 0. Let g = n - -11. Suppose -68 = u - 5*u. Calculate the remainder when g is divided by u.
14
Let x be (-1)/(-2)*(-10)/(-5). Let t be (0/x)/(6 - 7). Calculate the remainder when 45 is divided by (18 - t)*(-4)/(-6).
9
Suppose 0 = -3*n - 2*h - 26, 0*h - 20 = 5*h. Let v be (2/n)/((-9)/189). What is the remainder when 3 + 2/2 + v is divided by 4?
3
Let p(m) = -m**3 - 5*m**2 + 3*m - 6. What is the remainder when 368 is divided by p(-6)?
8
Suppose 0 = -2*a - 2*o + 114, -4*a - 2*o = -298 + 70. Suppose 0 = -6*j + 2*j + 8. Suppose j*p - a = -p. What is the remainder when 56 is divided by p?
18
Suppose m + 4*o = 2*m - 22, 4*m - 4*o - 112 = 0. What is the remainder when 84 is divided by m?
24
Let h(l) = -41*l + 3 - 4 + 25*l. Calculate the remainder when 123 is divided by h(-2).
30
Suppose 5*l + 13 = -4*a + 46, -l = 3. Let k be (2/(-3))/((-2)/69). Suppose s - k - 35 = 0. What is the remainder when s is divided by a?
10
Let z be (-68)/((-11)/(66/12)). Suppose -3*o - 120 = 2*o. Let a = z + o. Calculate the remainder when 29 is divided by a.
9
Let p(z) = -12 - 6*z - 4*z + 170*z**2 - 169*z**2. Calculate the remainder when p(12) is divided by 5.
2
Suppose -p + 2*p - 6 = 0. Calculate the remainder when (-10)/55 - 101/(-11) is divided by p.
3
Let p = 16 - 6. Suppose -4*k - 2*q - 260 = -1098, k = -3*q + 197. Calculate the remainder when 40 is divided by (-2)/p - k/(-10).
19
Suppose -5*f - 15 = 0, -2*m = -5*m - 4*f + 9. Calculate the remainder when 299 is divided by m.
5
Suppose 0 = -4*g + 4*p + 160, 4*g - 11*p = -10*p + 169. Calculate the remainder when g is divided by 11.
10
Let g(f) = f**2 - 8*f - 3. Let c = 1 - -10. What is the remainder when g(c) is divided by 11?
8
Let n(a) = -a + 14. Suppose -3*c - 60 = -8*c. What is the remainder when 10 is divided by n(c)?
0
Let j(f) = -3*f + 13*f + 10 - 8*f - 34. Let h be j(14). Suppose -9*x = -h*x - 45. What is the remainder when 15 is divided by x?
6
Let r be -5 - 1*(-3 + -198). Suppose -2*q + 4*x + 138 = 0, -3*q - 2*x - 3*x = -r. Calculate the remainder when q is divided by 12.
7
Let b(r) = -r**3 - 6*r**2 - 6*r - 5. Let i = -4 + -8. Let w = i - -6. Calculate the remainder when b(w) is divided by 11.
9
Suppose 0 = 3*v + r - 99, 13 = v - r - 20. What is the remainder when (-587)/(-3) - 4/(-12) is divided by v?
31
Let b = -11 - -5. Let v = -7 - b. Calculate the remainder when (v - -4)*(0 + 5) is divided by 4.
3
Let r be ((-8)/1 + -1)/(-1). Suppose 0 = 3*q + 3*w - r, -3*q + 3*w - 3 = -0*w. Let c(o) = 12*o**3 - 3*o + 2. Calculate the remainder when c(q) is divided by 3.
2
Suppose 70*t = 80*t - 270. What is the remainder when t is divided by 6?
3
Let o(c) = 7*c**3 + c**2 + 2. Calculate the remainder when 26 is divided by o(1).
6
Suppose 82 = 4*s + 3*g - 26, -4 = -g. Let d = s - -66. Calculate the remainder when d is divided by 13.
12
Suppose -3*a + 4*w + 0 + 11 = 0, 4*w + 6 = 2*a. Calculate the remainder when 2 + 14 + -6 + 0 is divided by a.
0
Let d(b) = 11*b - 1. Let r be 1/2*(-4)/2. Let g be 2 - (3 - (3 + r)). Calculate the remainder when 17 is divided by d(g).
7
What is the remainder when (9576/190)/(4/10) is divided by 32?
30
Let q = 349 + -333. Calculate the remainder when 109 is divided by q.
13
Suppose -233 - 157 = 5*m. Let l = m - -81. What is the remainder when 14 is divided by l?
2
Let j = -307 - -317. What is the remainder when 15 is divided by j?
5
Let a(j) = 37*j - 879. Calculate the remainder when a(28) is divided by 10.
7
What is the remainder when 85 is divided by ((-28)/56)/((-2)/36)?
4
Suppose 626*s - 628*s = 3*t - 29, 2*s = -4*t + 42. Let y = -14 - -35. Calculate the remainder when y is divided by t.
8
Suppose c + 5*b - 2 = 6, c + 3*b - 8 = 0. Calculate the remainder when 117 is divided by c.
5
Let m = 410 - 273. Calculate the remainder when m is divided by 49.
39
Let c be (-1)/3*(-4 + -8). Suppose 0*u = -c*u + 20. Suppose -x + 15 = 3*r - 6, 21 = r + u*x. What is the remainder when 21 is divided by r?
3
Let v(n) = -n**2 - 16*n - 28. Let f(j) = j**3 + 7*j**2 - 9*j - 17. Let c be f(-8). Calculate the remainder when v(c) is divided by 18.
17
Calculate the remainder when 41 is divided by 2*16*(12/2)/12.
9
Suppose 3*b - 47 = -2*p, 0 = 2*b - 10*p + 13*p - 33. Let l(u) = u**2 + u + 56. Calculate the remainder when l(0) is divided by b.
11
Let c(d) = d**2 - 9*d - 6. Suppose -5*u - 4*v + 76 = 0, 4*v + v + 5 = 0. What is the remainder when c(13) is divided by u?
14
Let c = 9 + -25. Let v(n) = -n - 22. Let b(p) = -p - 21. Let r(h) = 3*b(h) - 4*v(h). What is the remainder when 44 is divided by r(c)?
8
Let l(x) = -15*x**3 + 2*x + 4. What is the remainder when 358 is divided by l(-2)?
118
Let a(x) = -x**2 - 13*x - 7. Let i be a(-12). Suppose 139 = i*c - 91. Suppose 4*s = c - 10. Calculate the remainder when 16 is divided by s.
7
Let q be (2 - -1)*(-8)/(-6). Suppose 4*d - 2*l = 42, l + 51 = 5*d - 3*l. Suppose -q*w = -65 - d. Calculate the remainder when w is divided by 11.
8
Suppose 0 = -s + 3*h + 387, 5*s - 2000 = 5*h - 3*h. What is the remainder when s is divided by 31?
30
Calculate the remainder when 150 is divided by -2*(-3)/(-24) + (-939)/(-12).
72
Suppose 0 = -3*m + 4*r - 3*r + 20, -4*r = 4*m. Let y = -87 + 192. Suppose 2*n + y = 3*b - n, -27 = -b + m*n. Calculate the remainder when b is divided by 13.
11
Suppose 0 = -2*f + 2*d + 430, 3*f - 2*d - 645 = -0*f. Suppose 37*x = 42*x - f. Calculate the remainder when x is divided by 15.
13
Let f = 32 + -29. What is the remainder when (-74 + f)*(-3 - -2) is divided by 37?
34
Let p = 234 + 42. Suppose -2*d - d + p = 0. Suppose 5*o - d = o - 4*u, 5*u = 2*o - 18. What is the remainder when 35 is divided by o?
16
Suppose -89 = -m + 4*r, -36 = -4*m -